 greatest common factor of 1 and a?
1
Suppose -115 = -2*f - o, -183 = 6*f - 9*f - 5*o. Calculate the greatest common factor of f and 1372.
28
Let l = -25 - -13. Let z be (l/9)/((-1)/3). Suppose 11*n - 220 = -0*n. Calculate the greatest common factor of z and n.
4
Let u(s) = -5*s - 61. Let b be u(-15). Let f = 32 + 38. What is the highest common factor of b and f?
14
Let v be 7 - (3 - 1)*2. Let y(t) = t**3 + 7*t**2 + 1. Let x = 3 - 10. Let a be y(x). What is the highest common divisor of a and v?
1
Let r be (-6)/(-21) - ((-15)/21 - 4). Suppose -290 = -r*y + 60. Calculate the highest common divisor of y and 14.
14
Let w = -7 + 31. Suppose -2 = -6*k + 2*k - 5*v, -5 = k + 4*v. Suppose 0*p + 5*p - 11 = 2*h, -k = p - 3*h. Calculate the greatest common factor of p and w.
3
Suppose 5*g + 432 = 14*g. What is the highest common divisor of 12 and g?
12
Suppose -2*v + 4*v - 30 = 0. Suppose 4*c + v = 9*c. Suppose -r = 0, c*t - 2*r - 180 = -2*t. What is the greatest common factor of 9 and t?
9
Let r(u) = 5*u + 46. Let p be (-66)/4*6/9. Let i(b) = 9*b + 91. Let w(c) = p*r(c) + 6*i(c). Let n be w(0). What is the greatest common factor of n and 10?
10
Let k(w) be the second derivative of -w**4/12 - 3*w**3/2 + 2*w**2 + 17*w. Let c be k(-9). Calculate the greatest common factor of c and 12.
4
Let n = -19 - -19. Let o(y) = 147 - y - 150 + n*y. Let d be o(-5). Calculate the highest common divisor of 4 and d.
2
Suppose -5956 = -38*x + 5064. What is the highest common factor of 130 and x?
10
Let x(r) = r**3 - r**2 + 9. Let l be x(3). Let f(j) = j**2 - 16*j - 8. Let w be f(17). What is the highest common divisor of w and l?
9
Suppose 18*u - 1319 + 149 = 0. What is the highest common divisor of 52 and u?
13
Let c = -206 + 215. Let w(a) = a**3 + 7*a**2 - a - 4. Let s be w(-7). Calculate the highest common factor of s and c.
3
Suppose -o = -2*c + 967, 13*c + 2*o = 8*c + 2413. What is the greatest common divisor of 21 and c?
21
Let v(n) be the first derivative of 3*n**2/2 + 3*n + 16. Let u be v(2). What is the greatest common divisor of 18 and u?
9
Let h = -2521 + 2641. Calculate the highest common divisor of 288 and h.
24
Let g be 12*(2 - 12/9). Suppose -g*b + 5*b + 18 = 0. Suppose 5*t - 5 = 0, 0*t - 164 = -3*l - 2*t. Calculate the greatest common factor of b and l.
6
Let g(o) = o**3 - o**2 - o + 2. Let n be g(2). Suppose n*s - 18 = 46. Let u be 44/6 + (-12)/(-18). What is the greatest common factor of u and s?
8
Let x be (64/(-20))/(8/(-20)). What is the highest common factor of 152 and x?
8
Let l = 634 - 601. What is the greatest common divisor of 319 and l?
11
Let i(f) = 8*f + 4. Let s be (0 - (-3 + -1))*-1. Let t be i(s). Let n = 56 + t. Calculate the highest common factor of n and 4.
4
Let g(o) = -2*o**3 + 3*o**2 - 4*o - 10. Let y be g(-3). What is the highest common factor of y and 747?
83
Let k = 31 - 13. Let u be ((-9)/k)/(2/(-428)). Suppose 4*c - u + 11 = 0. What is the highest common divisor of 60 and c?
12
Let s(u) = u**3 + 16*u**2 - 18*u + 11. Let r be s(-17). Suppose -14*k = -13*k - 56. Calculate the highest common factor of k and r.
28
Let s(u) = -5*u**2 + 6*u. Let b be s(4). Let p = -35 - b. Calculate the greatest common factor of 14 and p.
7
Suppose 3*v - 1871 = -2*h, 2*v - 1133 = 3*h + 97. What is the highest common divisor of v and 27?
27
Suppose -1431 = -204*o + 177*o. What is the highest common divisor of 2226 and o?
53
Suppose 6*b - 4*b = 6. Suppose -b*o + 24 = -24. Let m be 8/(11/(-6) + 2). What is the greatest common factor of m and o?
16
Suppose 5*s + 20 - 80 = 0. Suppose -2*m - 4*b = 9 - 77, m - 5*b = -1. Suppose -5*g + m = -6. What is the greatest common divisor of g and s?
6
Let a(o) = 2 - 3*o**2 - 2*o**2 + 3*o + 0 + 12*o**2 + o**3. Let i be a(-6). Calculate the greatest common divisor of 60 and i.
20
Let f be (4 - 3/1) + 15. Calculate the greatest common factor of 6 and f.
2
Let l = -301 + 378. Calculate the greatest common factor of 1001 and l.
77
Let n(d) = -d**3 + 24*d**2 + 25*d + 14. Let u be n(25). Calculate the highest common divisor of 448 and u.
14
Let h = -1 + 5. Let b be 2 + (3 - (2 + 1)) - 17. Let g be 6/b + 1 + 231/15. What is the greatest common factor of g and h?
4
Let t be 16/48 + (-8)/(-3). Let z be 6/(-8)*(-1 - t). Let f be ((-20)/z)/(5/(-30)). Calculate the highest common factor of 5 and f.
5
Suppose 0 = 2*a + 3 - 5. Let p be 1 + (0 - a) - -4. Suppose 5*o - z = -1 + 64, -54 = -p*o + 2*z. Calculate the greatest common divisor of 36 and o.
12
Let l be (-528)/11 + 1 + 2. Let d be 60/l*(-18)/4. What is the greatest common divisor of d and 3?
3
Let o(z) = z**3 - 11*z**2 + 7*z + 40. Let t be o(10). Suppose -d + 55 = -5*k, -5*d + 2*k = -350 + 6. Calculate the greatest common divisor of t and d.
10
Let y = -108 - -190. Suppose 14*c + y - 1132 = 0. Calculate the highest common divisor of 25 and c.
25
Let d be (-12)/(-84) - (-20)/7. Let g be -18*((-42)/9 + d). What is the highest common factor of 120 and g?
30
Suppose -8 + 6 = s. Let w be (0 - s - 7)*32/(-8). Calculate the greatest common factor of 60 and w.
20
Suppose -4 + 59 = -b. Let w be 8/(-20)*b - 2*1. What is the greatest common factor of 20 and w?
20
Suppose 45 = q - 2*x, -99 = -4*q + x + 102. What is the greatest common divisor of q and 408?
51
Let c(o) = 2*o**2 + 18*o + 69. Let w be c(-6). What is the highest common divisor of w and 44?
11
Let h(w) be the first derivative of 51*w**4/4 + w**2 - w + 9. Let m be h(1). Calculate the highest common factor of 4 and m.
4
Let x be 20/1*1/(10/4). Suppose -x + 4 = -2*k. What is the greatest common divisor of 22 and k?
2
Let d(p) = -p**3 + 3*p**2 - 2*p + 1. Let f be d(3). Let l = -35 - -31. Let b be (-73)/f - l/10. What is the highest common factor of 165 and b?
15
Let i(m) be the first derivative of 6*m**2 - 28*m + 53. Let y be i(5). What is the greatest common factor of y and 224?
32
Let w = -19 - 22. Let b = -13 - w. What is the greatest common factor of 42 and b?
14
Suppose 0 = 8*m - 411 + 395. Let s be (-282)/(-54) - (-2)/(-9). What is the greatest common factor of m and s?
1
Let j be (58/4)/(48/96). What is the greatest common factor of j and 464?
29
Let c be (1/(-2))/((-3)/6). Suppose -4*a + 2*h - 36 = 6*h, 0 = 2*h - 10. Let l = a + 25. What is the greatest common divisor of l and c?
1
Suppose -15*x + 3034 - 1069 = 0. Let r = x + -11. Let w(o) = -o**2 + 7*o + 3. Let g be w(4). Calculate the greatest common divisor of r and g.
15
Let i = 53 + -40. Let m be 1/2 - 3/6. Let b be i - (4 + m)/(-4). What is the highest common divisor of 70 and b?
14
Let h = 12 - 5. Suppose h*u + 100 = 2*u. Let j be 184/10 + (-12)/u. What is the highest common divisor of 76 and j?
19
Suppose -5*i - 12 - 13 = 0. Let t = i + 34. Calculate the highest common divisor of t and 87.
29
Let t = -41 + 47. Suppose 2*h + t = 34. What is the greatest common factor of h and 42?
14
Let q(s) = s**2 + 2*s - 79. Let t be q(-11). What is the highest common divisor of t and 50?
10
Let k = 2 - -1. Suppose 0 = k*l - 0*l - 54. Let f = -615 + 627. Calculate the highest common factor of l and f.
6
Let u = 239 + -243. Suppose 2194 = -3*y - 2*q, 4*y - y = -q - 2195. Let p be y/(-30) + u/10. Calculate the greatest common factor of p and 60.
12
Let s be 77/(-33) - 408/(-9). What is the greatest common divisor of 1376 and s?
43
Let p = 2386 + -1684. Calculate the highest common factor of p and 52.
26
Let i(r) = -6*r**2 + 13*r + 5. Let g be i(6). Let q = -80 - g. Calculate the greatest common factor of q and 212.
53
Suppose 7*y - y = 54. Let m be (-3)/y - 220/6. Let d = m - -67. What is the highest common divisor of 3 and d?
3
Suppose 0 = -2*g - 2*g + 4952. Let z = g + -600. Suppose -2*w = -0*w - z. What is the greatest common factor of 29 and w?
29
Let o be 13/(-1)*(-814)/481. What is the greatest common divisor of 1474 and o?
22
Suppose -5*z = c - 525, 6*c - 555 = 5*c + z. Calculate the highest common divisor of c and 22.
22
Suppose -5*p = -2507 - 373. What is the greatest common factor of p and 18?
18
Suppose 946 - 338 = 16*v. What is the highest common factor of v and 114?
38
Let h(m) = 41*m**2 + 4*m + 4. Let d be h(-2). Suppose 6*b = 10*b + d. Let v = b - -56. What is the greatest common divisor of 128 and v?
16
Let g(s) = s**2 + s - 30. Let c be g(-13). Suppose -4*k + 5*o